{"id":19,"date":"2015-05-07T09:00:54","date_gmt":"2015-05-07T09:00:54","guid":{"rendered":"http:\/\/transfert.alsace\/?page_id=19"},"modified":"2015-07-01T09:02:47","modified_gmt":"2015-07-01T09:02:47","slug":"films-cinema-8mm-super8","status":"publish","type":"page","link":"https:\/\/transfert.alsace\/?page_id=19","title":{"rendered":"Films cin\u00e9ma (8mm, Super8 &#8230;)"},"content":{"rendered":"<p>Les films cin\u00e9ma en 8mm, puis Super 8, on t \u00e9t\u00e9 pendant tr\u00e8s longtemps les supports privil\u00e9gi\u00e9s pour fixer sur pellicule les souvenirs de famille en action ! Bien que la technique du 8 mm soit assez ancienne, remontant aux ann\u00e9es 30, la d\u00e9mocratisation des cam\u00e9ras dans les foyers n&rsquo;a eu lieu v\u00e9ritablement que vers les ann\u00e9es 60.<\/p>\n<p>Aujourd&rsquo;hui, la plupart des films sur lesquels nous travaillons datent des ann\u00e9es 60 ou 70. Ils se pr\u00e9sentent en g\u00e9n\u00e9ral sous 2 aspects :<\/p>\n<p>&#8211; Les bobines non mont\u00e9es, d&rsquo;une dur\u00e9e d&rsquo;environ 3 minutes 30<\/p>\n<p>&#8211; Les bobines mont\u00e9es, g\u00e9n\u00e9ralement entre 10 et 30 minutes.<\/p>\n<p>A l&rsquo;origine, le cameraman amateur achetait un film d&rsquo;une dur\u00e9e d\u2019environ 3&rsquo;30 \u00e0 charger dans sa cam\u00e9ra. Une fois celui-ci expos\u00e9, il \u00e9tait d\u00e9pos\u00e9 chez un d\u00e9taillant ou renvoy\u00e9 directement dans un laboratoire, le d\u00e9veloppement \u00e9tant pr\u00e9-pay\u00e9 lors de l&rsquo;achat du film.<br \/>\nQuelques jours plus tard, le film d\u00e9velopp\u00e9 \u00e9tait renvoy\u00e9 par la poste.<\/p>\n<p>A partir de l\u00e0, 2 possibilit\u00e9s : soit de projeter le film tel quel, soit de r\u00e9aliser un montage (ou le plus souvent un simple assemblage) de plusieurs films mis bout-\u00e0-bout \u00e0 l&rsquo;aide d&rsquo;une colleuse. L&rsquo;avantage de proc\u00e9der ainsi est que le projectionniste n&rsquo;avait pas \u00e0 changer de bobine toutes les 3 minutes !<\/p>\n<h2>Comment identifier le type et la dur\u00e9e de vos films ?<\/h2>\n<p>Si vous avez proc\u00e9d\u00e9 \u00e0 des fouilles arch\u00e9ologiques dans vos archives de familles, la plus forte probabilit\u00e9 est que vos films soient en 8mm ou en Super8. N\u00e9anmoins, il existe d&rsquo;autre formats. Pour les reconnaitre, suivez le guide !<\/p>\n<p><strong>1 &#8211; Films 8 mm<\/strong><\/p>\n<p>Apparus dans les ann\u00e9es 30, ils font (comme leur nom l&rsquo;indique !) 8 mm de large.<\/p>\n<p>Chaque images est centr\u00e9e entre 2 perforations.<\/p>\n<p><strong>2 &#8211; Films Super 8<\/strong><\/p>\n<p>Commercialis\u00e9s \u00e0 partir des ann\u00e9es 60, ils offrent une plus grande surface d&rsquo;image pour une largeur de film \u00e9quivalent (8 mm) et donc une meilleure qualit\u00e9.<\/p>\n<p>Ils sont facilement reconnaissable car chaque image est centr\u00e9e en face d&rsquo;une perforation.<\/p>\n<p><strong>3 &#8211; Films 9,5 mm<\/strong><\/p>\n<p>\u00c9tonnamment, ils font &#8230; 9,5 mm de large !<\/p>\n<p>Chaque image est s\u00e9par\u00e9e de la suivante par une perforation centrale<\/p>\n<p><strong>4 &#8211; Films 16 mm<\/strong><\/p>\n<p>Le plus ancien des films que nous traitons. Il a vu le jour dans les ann\u00e9es 20. C&rsquo;est l&rsquo;anc\u00e8tre du 8 mm qui n&rsquo;est en fait qu&rsquo;un 16 mm coup\u00e9 en 2 dans le sens de la largeur. Tr\u00e8s logiquement, chaque image est centr\u00e9e entre 2 perforation. La largeur du film est bien s\u00fbr de 16 mm<\/p>\n<p>Pour avoir une id\u00e9e de la dur\u00e9e de vos films, cliquez ici !<\/p>\n<h2>Sonore ou muet ?<\/h2>\n<p>La majorit\u00e9 des films tourn\u00e9s \u00e0 l&rsquo;\u00e9poque sont muets. Cependant, dans certains cas, certains films sont dot\u00e9s d&rsquo;une voire de 2 pistes sonores. Sur les films 8 mm et Super8, cette poste prend la forme d&rsquo;une ou 2 bandes magn\u00e9tiques dispos\u00e9es de chaque cot\u00e9 de l&rsquo;image.<\/p>\n<p>Sur les films 16 mm, la piste sonore peut \u00eatre magn\u00e9tique ou optique. Dans ce dernier cas, le son prend la forme d&rsquo;une sinuso\u00efde \u00ab\u00a0imprim\u00e9e\u00a0\u00bb sur le film<\/p>\n<p>&nbsp;<\/p>\n<h2>18 ou 24 images par secondes ?<\/h2>\n<p>Sur certaines cam\u00e9ras, il \u00e9tait possible de faire varier la vitesse de d\u00e9filement du film, en g\u00e9n\u00e9ral les valeurs retenues \u00e9taient de 18 ou 24 images par secondes. 24 c&rsquo;est mieux, mais 18, \u00e7a permet de tourner plus longtemps avec le m\u00eame m\u00e9trage !<\/p>\n<p>Bon, soyons clairs : 95% ou plus des films amateurs ont \u00e9t\u00e9 tourn\u00e9s en 18 i\/s, le 24 i\/s ne concerne que quelques cas tr\u00e8s particuliers. Mais bien entendu, nous pouvons transf\u00e9rer les films dans tous les cas !<\/p>\n<p>&nbsp;<\/p>\n","protected":false},"excerpt":{"rendered":"<p>Les films cin\u00e9ma en 8mm, puis Super 8, on t \u00e9t\u00e9 pendant tr\u00e8s longtemps les supports privil\u00e9gi\u00e9s pour fixer sur pellicule les souvenirs de famille en action ! Bien que la technique du 8 mm soit assez ancienne, remontant aux ann\u00e9es 30, la d\u00e9mocratisation des cam\u00e9ras dans les foyers n&rsquo;a eu lieu v\u00e9ritablement que vers [&hellip;]<\/p>\n","protected":false},"author":2,"featured_media":0,"parent":2,"menu_order":0,"comment_status":"open","ping_status":"open","template":"","meta":[],"_links":{"self":[{"href":"https:\/\/transfert.alsace\/index.php?rest_route=\/wp\/v2\/pages\/19"}],"collection":[{"href":"https:\/\/transfert.alsace\/index.php?rest_route=\/wp\/v2\/pages"}],"about":[{"href":"https:\/\/transfert.alsace\/index.php?rest_route=\/wp\/v2\/types\/page"}],"author":[{"embeddable":true,"href":"https:\/\/transfert.alsace\/index.php?rest_route=\/wp\/v2\/users\/2"}],"replies":[{"embeddable":true,"href":"https:\/\/transfert.alsace\/index.php?rest_route=%2Fwp%2Fv2%2Fcomments&post=19"}],"version-history":[{"count":7,"href":"https:\/\/transfert.alsace\/index.php?rest_route=\/wp\/v2\/pages\/19\/revisions"}],"predecessor-version":[{"id":107,"href":"https:\/\/transfert.alsace\/index.php?rest_route=\/wp\/v2\/pages\/19\/revisions\/107"}],"up":[{"embeddable":true,"href":"https:\/\/transfert.alsace\/index.php?rest_route=\/wp\/v2\/pages\/2"}],"wp:attachment":[{"href":"https:\/\/transfert.alsace\/index.php?rest_route=%2Fwp%2Fv2%2Fmedia&parent=19"}],"curies":[{"name":"wp","href":"https:\/\/api.w.org\/{rel}","templated":true}]}}