{"id":21,"date":"2015-05-07T09:01:11","date_gmt":"2015-05-07T09:01:11","guid":{"rendered":"http:\/\/transfert.alsace\/?page_id=21"},"modified":"2015-05-11T14:48:01","modified_gmt":"2015-05-11T14:48:01","slug":"cassettes-video","status":"publish","type":"page","link":"https:\/\/transfert.alsace\/?page_id=21","title":{"rendered":"Cassettes vid\u00e9o"},"content":{"rendered":"<p>Les cassettes vid\u00e9o, c&rsquo;est un peu comme les v\u00eatements ! Il y en a de toutes les tailles, de toutes les couleurs, de toutes les formes, et elles passent de mode \u00e0 peu pr\u00e8s aussi vite !<\/p>\n<p>&nbsp;<\/p>\n<h2>Formats<\/h2>\n<p>Chez Optima, la majorit\u00e9 des anciens formats que nous transf\u00e9rons sont des <strong>VHS<\/strong> (ou VHS-C), <strong>Video 8<\/strong> ou <strong>Hi 8<\/strong>. N\u00e9anmoins, nous sommes aussi capables de traiter des formats comme le S-VHS, le Digital 8, l&rsquo;Umatic, le BVU, le Betacam, le DVCam, le MiniDV sous plusieurs formes, etc&#8230;<\/p>\n<p style=\"text-align: left;\">A titre indicatif, le tableau suivant vous permettra de reconnaitre les principaux formats de cassettes :<\/p>\n<p style=\"text-align: left;\"><a href=\"http:\/\/transfert.alsace\/wp-content\/uploads\/2015\/05\/Liste_formats_de_cassettes_video_Optima_2015.jpg\"><img decoding=\"async\" loading=\"lazy\" class=\"alignnone size-full wp-image-72\" src=\"http:\/\/transfert.alsace\/wp-content\/uploads\/2015\/05\/Liste_formats_de_cassettes_video_Optima_2015.jpg\" alt=\"Liste_formats_de_cassettes_video_Optima_2015\" width=\"300\" height=\"597\" srcset=\"https:\/\/transfert.alsace\/wp-content\/uploads\/2015\/05\/Liste_formats_de_cassettes_video_Optima_2015.jpg 300w, https:\/\/transfert.alsace\/wp-content\/uploads\/2015\/05\/Liste_formats_de_cassettes_video_Optima_2015-150x300.jpg 150w\" sizes=\"(max-width: 300px) 100vw, 300px\" \/><\/a><\/p>\n<p style=\"text-align: left;\"><div class=\"fusion-sep-clear\"><\/div><div class=\"fusion-separator sep-shadow\" style=\"border-color:#e0dede;margin-top:40px;margin-bottom:40px;\"><\/div>\n<h2 style=\"text-align: left;\">Quelle est la dur\u00e9e de mes cassettes ?<\/h2>\n<p style=\"text-align: left;\">Excellente question !! &#8230; \u00e0 laquelle nous serions bien en peine de r\u00e9pondre !<\/p>\n<p style=\"text-align: left;\">En fait, la seule chose que l&rsquo;on puisse dire au vu d&rsquo;une cassette est la \u00ab\u00a0dur\u00e9e d&rsquo;enregistrement pr\u00e9vue \u00e0 vitesse standard\u00a0\u00bb, c&rsquo;est \u00e0 dire si la cassette est une 45 minutes, une 60 minutes, etc&#8230; Cette indication est g\u00e9n\u00e9ralement report\u00e9e sur le boitier ou sur la jaquette de la cassette.<\/p>\n<p style=\"text-align: left;\">2 facteurs viennent ensuite jouer sur la dur\u00e9e \u00e0 transf\u00e9rer : la dur\u00e9e effectivement enregistr\u00e9e (si \u00e7a se trouve, seules 5 minutes ont \u00e9t\u00e9 utilis\u00e9es sur la dur\u00e9e totale) et la vitesse d&rsquo;enregistrement (certains camescopes permettant de ralentir le d\u00e9filement de la bande pour enregistrer plus longtemps au d\u00e9triment de la qualit\u00e9 de l&rsquo;image, c&rsquo;est la fonction LP ou \u00ab\u00a0Long Play\u00a0\u00bb).<\/p>\n<p style=\"text-align: left;\">Dans les faits, une cassettes de 60 minutes pourra aussi bien contenir 30 secondes que 90 minutes d&rsquo;enregistrement ! Et il n&rsquo;y a qu&rsquo;au moment du visionnage qu&rsquo;on le constatera effectivement. Mais bien s\u00fbr, nous ne facturons que les dur\u00e9es r\u00e9ellement utilis\u00e9es. Si il n&rsquo;y a que 5 minutes sur la bande, on ne facturera pas 1 heure !<\/p>\n<p style=\"text-align: left;\"><div class=\"fusion-sep-clear\"><\/div><div class=\"fusion-separator sep-shadow\" style=\"border-color:#e0dede;margin-top:40px;margin-bottom:40px;\"><\/div>\n<h2>\u00a0Conservation<\/h2>\n<p>Les cassettes posent en g\u00e9n\u00e9ral moins de probl\u00e8me de conservation physique que les films cin\u00e9ma, cependant il devient aujourd&rsquo;hui plus difficile de transf\u00e9rer certains formats comme le Vid\u00e9o 8 ou le Hi 8 datant des ann\u00e9es 90 que des films des ann\u00e9es 60 ! La raison en est toute simple : contrairement aux projecteurs qui ne sont grosso modo qu&rsquo;un assemblage de roues dent\u00e9es et de courroies de caoutchouc, les cassettes sont lues par des appareils \u00e9lectroniques dont les composants (condensateurs par ex.) vieillissent, m\u00eame si on ne les utilise pas. Du coup, m\u00eame si les bandes magn\u00e9tiques sont bien conserv\u00e9es, il devient de plus en plus compliqu\u00e9 de trouver des machines pour les lire !<\/p>\n","protected":false},"excerpt":{"rendered":"<p>Les cassettes vid\u00e9o, c&rsquo;est un peu comme les v\u00eatements ! Il y en a de toutes les tailles, de toutes les couleurs, de toutes les formes, et elles passent de mode \u00e0 peu pr\u00e8s aussi vite ! &nbsp; Formats Chez Optima, la majorit\u00e9 des anciens formats que nous transf\u00e9rons sont des VHS (ou VHS-C), Video [&hellip;]<\/p>\n","protected":false},"author":2,"featured_media":0,"parent":2,"menu_order":0,"comment_status":"open","ping_status":"open","template":"","meta":[],"_links":{"self":[{"href":"https:\/\/transfert.alsace\/index.php?rest_route=\/wp\/v2\/pages\/21"}],"collection":[{"href":"https:\/\/transfert.alsace\/index.php?rest_route=\/wp\/v2\/pages"}],"about":[{"href":"https:\/\/transfert.alsace\/index.php?rest_route=\/wp\/v2\/types\/page"}],"author":[{"embeddable":true,"href":"https:\/\/transfert.alsace\/index.php?rest_route=\/wp\/v2\/users\/2"}],"replies":[{"embeddable":true,"href":"https:\/\/transfert.alsace\/index.php?rest_route=%2Fwp%2Fv2%2Fcomments&post=21"}],"version-history":[{"count":8,"href":"https:\/\/transfert.alsace\/index.php?rest_route=\/wp\/v2\/pages\/21\/revisions"}],"predecessor-version":[{"id":78,"href":"https:\/\/transfert.alsace\/index.php?rest_route=\/wp\/v2\/pages\/21\/revisions\/78"}],"up":[{"embeddable":true,"href":"https:\/\/transfert.alsace\/index.php?rest_route=\/wp\/v2\/pages\/2"}],"wp:attachment":[{"href":"https:\/\/transfert.alsace\/index.php?rest_route=%2Fwp%2Fv2%2Fmedia&parent=21"}],"curies":[{"name":"wp","href":"https:\/\/api.w.org\/{rel}","templated":true}]}}