{"id":25,"date":"2015-05-07T09:02:08","date_gmt":"2015-05-07T09:02:08","guid":{"rendered":"http:\/\/transfert.alsace\/?page_id=25"},"modified":"2016-04-07T19:04:53","modified_gmt":"2016-04-07T19:04:53","slug":"fichiers-photos-et-video","status":"publish","type":"page","link":"https:\/\/transfert.alsace\/?page_id=25","title":{"rendered":"Fichiers photos et vid\u00e9o"},"content":{"rendered":"<p>Nous pouvons intervenir directement \u00e0 partir de fichiers vid\u00e9o ou photo. Les camescopes num\u00e9riques r\u00e9cents par exemple, sauvegardent les prises de vue sous forme de fichiers parfois &#8230; exotiques ! Nous faisons notre possible pour les rendre exploitables et utilisables en fonction des appareils dont vous disposez \u00e0 votre domicile.<\/p>\n<p>Nous r\u00e9cup\u00e9rons \u00e9galement les fichiers sur les cartes m\u00e9moires effac\u00e9es ou d\u00e9fectueuses (enfin &#8230; dans certains cas !), les disques durs &lsquo;plant\u00e9s&rsquo;, etc &#8230; Dans ce cas, le mieux est de passer avec votre mat\u00e9riel posant probl\u00e8me et nous vous donnerons un premier avis sur la faisabilit\u00e9 du sauvetage&#8230;<\/p>\n","protected":false},"excerpt":{"rendered":"<p>Nous pouvons intervenir directement \u00e0 partir de fichiers vid\u00e9o ou photo. Les camescopes num\u00e9riques r\u00e9cents par exemple, sauvegardent les prises de vue sous forme de fichiers parfois &#8230; exotiques ! Nous faisons notre possible pour les rendre exploitables et utilisables en fonction des appareils dont vous disposez \u00e0 votre domicile. Nous r\u00e9cup\u00e9rons \u00e9galement les fichiers [&hellip;]<\/p>\n","protected":false},"author":2,"featured_media":0,"parent":2,"menu_order":0,"comment_status":"open","ping_status":"open","template":"","meta":[],"_links":{"self":[{"href":"https:\/\/transfert.alsace\/index.php?rest_route=\/wp\/v2\/pages\/25"}],"collection":[{"href":"https:\/\/transfert.alsace\/index.php?rest_route=\/wp\/v2\/pages"}],"about":[{"href":"https:\/\/transfert.alsace\/index.php?rest_route=\/wp\/v2\/types\/page"}],"author":[{"embeddable":true,"href":"https:\/\/transfert.alsace\/index.php?rest_route=\/wp\/v2\/users\/2"}],"replies":[{"embeddable":true,"href":"https:\/\/transfert.alsace\/index.php?rest_route=%2Fwp%2Fv2%2Fcomments&post=25"}],"version-history":[{"count":3,"href":"https:\/\/transfert.alsace\/index.php?rest_route=\/wp\/v2\/pages\/25\/revisions"}],"predecessor-version":[{"id":115,"href":"https:\/\/transfert.alsace\/index.php?rest_route=\/wp\/v2\/pages\/25\/revisions\/115"}],"up":[{"embeddable":true,"href":"https:\/\/transfert.alsace\/index.php?rest_route=\/wp\/v2\/pages\/2"}],"wp:attachment":[{"href":"https:\/\/transfert.alsace\/index.php?rest_route=%2Fwp%2Fv2%2Fmedia&parent=25"}],"curies":[{"name":"wp","href":"https:\/\/api.w.org\/{rel}","templated":true}]}}