{"id":33,"date":"2015-05-07T13:46:38","date_gmt":"2015-05-07T13:46:38","guid":{"rendered":"http:\/\/transfert.alsace\/?page_id=33"},"modified":"2015-05-12T08:42:18","modified_gmt":"2015-05-12T08:42:18","slug":"duree-des-films-cinema","status":"publish","type":"page","link":"https:\/\/transfert.alsace\/?page_id=33","title":{"rendered":"Identifier la dur\u00e9e des films cin\u00e9ma"},"content":{"rendered":"<p>L&rsquo;identification de la dur\u00e9e des films cin\u00e9ma est assez simple :<\/p>\n<p>&#8211; Pour les petites bobines (non mont\u00e9es) en 8 et en Super 8 : elles font environ 3 \u00e0 4 minutes<\/p>\n<p>&#8211; Pour les bobines mont\u00e9es : soit la dur\u00e9e (ou \u00e0 d\u00e9faut le m\u00e9trage) est indiqu\u00e9 sur la bobine &#8211; cf. photo ci-dessous &#8211; soit il vous suffit de mesurer le diam\u00e8tre de la bobine et de vous reporter au tableau ci-dessous :<\/p>\n<p>&nbsp;<\/p>\n<p><a href=\"http:\/\/transfert.alsace\/wp-content\/uploads\/2015\/05\/Tableau-dur\u00e9e-bobines-cin\u00e9ma-8mm-16mm.jpg\"><img decoding=\"async\" loading=\"lazy\" class=\"alignnone size-full wp-image-83\" src=\"http:\/\/transfert.alsace\/wp-content\/uploads\/2015\/05\/Tableau-dur\u00e9e-bobines-cin\u00e9ma-8mm-16mm.jpg\" alt=\"Tableau dur\u00e9e bobines cin\u00e9ma 8mm 16mm\" width=\"400\" height=\"1015\" srcset=\"https:\/\/transfert.alsace\/wp-content\/uploads\/2015\/05\/Tableau-dur\u00e9e-bobines-cin\u00e9ma-8mm-16mm.jpg 400w, https:\/\/transfert.alsace\/wp-content\/uploads\/2015\/05\/Tableau-dur\u00e9e-bobines-cin\u00e9ma-8mm-16mm-118x300.jpg 118w\" sizes=\"(max-width: 400px) 100vw, 400px\" \/><\/a><\/p>\n<p>Exemple :<\/p>\n<style type=\"text\/css\">.imageframe-1 img{border:0px solid #000000;}<\/style><span style class=\"fusion-imageframe imageframe imageframe-bottomshadow imageframe-1 element-bottomshadow\"><img decoding=\"async\" src=\"http:\/\/transfert.alsace\/wp-content\/uploads\/2015\/05\/21-minutes-\u00e0-18-is.jpg\" alt=\"\" class=\"img-responsive\" \/><\/span>\n<p>&nbsp;<\/p>\n","protected":false},"excerpt":{"rendered":"<p>L&rsquo;identification de la dur\u00e9e des films cin\u00e9ma est assez simple : &#8211; Pour les petites bobines (non mont\u00e9es) en 8 et en Super 8 : elles font environ 3 \u00e0 4 minutes &#8211; Pour les bobines mont\u00e9es : soit la dur\u00e9e (ou \u00e0 d\u00e9faut le m\u00e9trage) est indiqu\u00e9 sur la bobine &#8211; cf. photo ci-dessous [&hellip;]<\/p>\n","protected":false},"author":2,"featured_media":0,"parent":19,"menu_order":0,"comment_status":"open","ping_status":"open","template":"","meta":[],"_links":{"self":[{"href":"https:\/\/transfert.alsace\/index.php?rest_route=\/wp\/v2\/pages\/33"}],"collection":[{"href":"https:\/\/transfert.alsace\/index.php?rest_route=\/wp\/v2\/pages"}],"about":[{"href":"https:\/\/transfert.alsace\/index.php?rest_route=\/wp\/v2\/types\/page"}],"author":[{"embeddable":true,"href":"https:\/\/transfert.alsace\/index.php?rest_route=\/wp\/v2\/users\/2"}],"replies":[{"embeddable":true,"href":"https:\/\/transfert.alsace\/index.php?rest_route=%2Fwp%2Fv2%2Fcomments&post=33"}],"version-history":[{"count":7,"href":"https:\/\/transfert.alsace\/index.php?rest_route=\/wp\/v2\/pages\/33\/revisions"}],"predecessor-version":[{"id":103,"href":"https:\/\/transfert.alsace\/index.php?rest_route=\/wp\/v2\/pages\/33\/revisions\/103"}],"up":[{"embeddable":true,"href":"https:\/\/transfert.alsace\/index.php?rest_route=\/wp\/v2\/pages\/19"}],"wp:attachment":[{"href":"https:\/\/transfert.alsace\/index.php?rest_route=%2Fwp%2Fv2%2Fmedia&parent=33"}],"curies":[{"name":"wp","href":"https:\/\/api.w.org\/{rel}","templated":true}]}}